1206460
In base 5, what is -23210404 + 0?
-23210404
In base 16, what is -3 + -952e2?
-952e5
In base 10, what is 1 + 10393?
10394
In base 8, what is 1143 - 60?
1063
In base 3, what is -100 - -211021020?
211020220
In base 12, what is 95 + -5130?
-5057
In base 5, what is -24101 - 1411?
-31012
In base 14, what is -7 + d122?
d119
In base 16, what is -1cce + -4?
-1cd2
In base 3, what is 12 - -1100202002201?
1100202002220
In base 15, what is -da58 - -5?
-da53
In base 2, what is 1001001011110 + 1001?
1001001100111
In base 2, what is -101 + -101001000000101?
-101001000001010
In base 13, what is 51 - 480c?
-478b
In base 9, what is 12337 - -117?
12455
In base 6, what is 10 + 1205?
1215
In base 16, what is -fc + 3c12?
3b16
In base 13, what is 736cb + 6?
73704
In base 10, what is -9816 + 4?
-9812
In base 16, what is f8 - 457?
-35f
In base 6, what is 542 + -32225?
-31243
In base 3, what is 11 - -220022000?
220022011
In base 10, what is -2541797 + -2?
-2541799
In base 14, what is -dc - -4221?
4123
In base 10, what is 2 + -136440?
-136438
In base 9, what is -54770 + 1?
-54768
In base 16, what is -e9 - -439?
350
In base 3, what is 122022 - 1012?
121010
In base 6, what is 3 + -2243521?
-2243514
In base 10, what is 395 + -103?
292
In base 4, what is 233311233 - 10?
233311223
In base 15, what is -625d + 21?
-623c
In base 13, what is 5 + 302a?
3032
In base 5, what is -3021 + -2133?
-10204
In base 15, what is 1b + 5b0?
5cb
In base 8, what is -1613 - 56?
-1671
In base 3, what is 2110021 - -1010202?
10121000
In base 7, what is -16254 + 2063?
-14161
In base 13, what is 3090 - -13?
30a3
In base 14, what is 79c - -165?
923
In base 11, what is 1896 + 15?
1900
In base 14, what is 2 - -1262?
1264
In base 11, what is -171398 - 0?
-171398
In base 10, what is 14 + -20159?
-20145
In base 5, what is -1 + 1433013?
1433012
In base 14, what is -5d + 304?
285
In base 14, what is 1b + -c70?
-c53
In base 5, what is -20043 - -134?
-14404
In base 15, what is 9e0 - 55?
98a
In base 14, what is 185a - 5?
1855
In base 2, what is 1000101101 - -1?
1000101110
In base 4, what is -3112322 + 11?
-3112311
In base 4, what is -1 + -32130103?
-32130110
In base 16, what is 37 + 5a8?
5df
In base 11, what is 53 + 673?
716
In base 15, what is -1cd - 2e0?
-4bd
In base 3, what is -12012 - -20011?
222
In base 9, what is 1133680 + -3?
1133676
In base 11, what is -650a - -3?
-6507
In base 11, what is 2 + 8378?
837a
In base 10, what is 2 + -10675?
-10673
In base 3, what is -111211200 - -220?
-111210210
In base 7, what is 245536 + 144?
246013
In base 8, what is 227355 + -2?
227353
In base 2, what is 111111111000100101111 - 10?
111111111000100101101
In base 2, what is -101000001 + 1110011011110?
1101110011101
In base 5, what is -110 - 2041410?
-2042020
In base 6, what is 15 - 32211?
-32152
In base 5, what is 3014113 - 40?
3014023
In base 7, what is -210262 + 5?
-210254
In base 10, what is 6 - -160978?
160984
In base 9, what is -21 - -68815?
68784
In base 5, what is -2 + -3330103?
-3330110
In base 9, what is -3 + -355472?
-355475
In base 8, what is 6327 + 3?
6332
In base 16, what is 671e - -1?
671f
In base 4, what is -10 - -311121?
311111
In base 2, what is 11101100000111010 - 111?
11101100000110011
In base 4, what is 122011103 - -30?
122011133
In base 9, what is -70132 + -2?
-70134
In base 7, what is 150 + -1214?
-1034
In base 14, what is -1676 + 7?
-166d
In base 5, what is 134122031 + 1?
134122032
In base 3, what is 12010 + -110111102?
-110022022
In base 10, what is -188 - 21?
-209
In base 4, what is 320313232212 + -1?
320313232211
In base 2, what is 100001 + -100100110011110?
-100100101111101
In base 3, what is 111010002110 - 2?
111010002101
In base 3, what is -1220200101 - -12?
-1220200012
In base 6, what is 10422 - 212?
10210
In base 14, what is 11 - -c737?
c748
In base 8, what is -16 - -13740?
13722
In base 6, what is 213411 + 23?
213434
In base 8, what is 10655 + -41?
10614
In base 14, what is 13 + -3c1?
-3ac
In base 6, what is -11 - -2001?
1550
In base 12, what is 3 - 2b71?
-2b6a
In base 6, what is 330042 + 42?
330124
In base 3, what is -1220110012 + -1102?
-1220111121
In base 2, what is -100010010101011101 - 100?
-100010010101100001
In base 5, what is 113102 + 114?
113221
In base 12, what is 1 - -80412?
80413
In base 4, what is -11 - 12332012?
-12332023
In base 15, what is e2 + -5d5?
-4e3
In base 16, what is -2f + 94d8?
94a9
In base 14, what is -3636 - -5?
-3631
In base 3, what is -2 + -1110020212?
-1110020221
In base 6, what is -114400 - 3?
-114403
In base 16, what is 3ec68 + -1?
3ec67
In base 3, what is -221221120 + -1?
-221221121
In base 10, what is 197 - -454?
651
In base 12, what is -2609 - -5?
-2604
In base 3, what is 0 - -112002111?
112002111
In base 6, what is -2 - -5120424?
5120422
In base 13, what is a + -837ca?
-837c0
In base 3, what is -22222210020 - -1?
-22222210012
In base 15, what is -1e + a7?
88
In base 3, what is -1200010002210 - -1?
-1200010002202
In base 8, what is -26344 + 22?
-26322
In base 15, what is 1b + -b?
10
In base 7, what is -16 + 10432111?
10432062
In base 11, what is 598 - -2626?
3113
In base 16, what is -6 - -125c?
1256
In base 6, what is 444045 - -14?
444103
In base 10, what is 294 - -3?
297
In base 5, what is 0 + 41321?
41321
In base 11, what is -4442 + -166?
-45a8
In base 14, what is 83 - -356?
3d9
In base 9, what is -6411 - -114?
-6286
In base 3, what is -121102 + 2010?
-112022
In base 7, what is 15633530 - 4?
15633523
In base 2, what is -100 + -1100001?
-1100101
In base 4, what is -2 + -30212?
-30220
In base 4, what is -113 - 1003?
-1122
In base 4, what is 21100 - -232232?
313332
In base 15, what is 688ac + 5?
688b2
In base 6, what is -15 + -151032?
-151051
In base 8, what is 5640 + -1?
5637
In base 5, what is -1 - -3112001?
3112000
In base 6, what is -1121051 - -4?
-1121043
In base 12, what is 175b7 - -b?
17606
In base 14, what is bc5 + -33?
b92
In base 12, what is 100ba2 - 0?
100ba2
In base 15, what is -13 - -1b3d?
1b2a
In base 14, what is -75 - ac?
-143
In base 4, what is -10 + 3123313?
3123303
In base 12, what is 18 + 350?
368
In base 5, what is -2434 - -130012?
122023
In base 10, what is 643 + 89?
732
In base 7, what is -14634645 - 2?
-14634650
In base 10, what is -41 + -15?
-56
In base 2, what is 11000111100011000 + -1?
11000111100010111
In base 3, what is -110022 - 1012?
-111111
In base 11, what is 9 - 21338?
-2132a
In base 7, what is 30160 + 13?
30203
In base 5, what is 14 + 24?
43
In base 10, what is 1 - -29378?
29379
In base 6, what is -515134 - -12?
-515122
In base 14, what is 47 + 1084?
10cb
In base 14, what is -49 - -cda?
c91
In base 4, what is -212331300 + 112?
-212331122
In base 8, what is 7 + 335706?
335715
In base 2, what is -11 + -11001001100010101001?
-11001001100010101100
In base 7, what is -1332 - 32526?
-34161
In base 7, what is 216315 - -2?
216320
In base 7, what is -1224410 - 5?
-1224415
In base 13, what is -8 - -314?
309
In base 10, what is 420 - -307?
727
In base 7, what is -11561 + 3230?
-5331
In base 7, what is -36 + 232343?
232304
In base 6, what is -340122 + -11?
-340133
In base 11, what is -1534 + 10?
-1524
In base 14, what is 2c + 27843?
27871
In base 5, what is -21013 + -131?
-21144
In base 15, what is -6d97d - -1?
-6d97c
In base 11, what is 179 - -401?
57a
In base 11, what is 26243 + -7a?
26174
In base 13, what is 913 + -48?
898
In base 2, what is 10100110 - -10011110101101?
10100001010011
In base 5, what is 141 + -4003134?
-4002443
In base 14, what is -13385 - 2?
-13387
In base 8, what is 2 - 260100?
-260076
In base 7, what is -534266 - -2?
-534264
In base 16, what is 35 + 13bd?
13f2
In base 13, what is b2a87 - 5?
b2a82
In base 16, what is -48a + b4?
-3d6
In base 10, what is -22 - 255?
-277
In base 5, what is -134 + -2324?
-3013
In base 4, what is -10 + 3200220?
3200210
In base 14, what is 63 + 26?
89
In base 11, what is 77931 - 6?
77926
In base 4, what is -11202 + -1312?
-13120
In base 11, what is -861a6 - 4?
-861aa
In base 2, what is -1111 + -1000010101001?
-1000010111000
In base 15, what is 1a - 29c?
-282
In base 10, what is 1670 + 18?
1688
In base 6, what is -3421044 + -5?
-3421053
In base 10, what is 1687734 + -2?
1687732
In base 6, what is 120413 + 14?
120431
In base 13, what is -43c8 + 91?
-4337
In base 2, what is -10100